s the tens digit of 51253?
5
What is the thousands digit of 102352?
2
What is the ten thousands digit of 34042?
3
What is the hundreds digit of 45719?
7
What is the hundreds digit of 372?
3
What is the hundreds digit of 8152?
1
What is the units digit of 76?
6
What is the units digit of 533?
3
What is the units digit of 568?
8
What is the tens digit of 1040?
4
What is the tens digit of 954?
5
What is the tens digit of 118760?
6
What is the units digit of 3627?
7
What is the hundreds digit of 1151?
1
What is the units digit of 6441?
1
What is the ten thousands digit of 22584?
2
What is the thousands digit of 4815?
4
What is the tens digit of 79?
7
What is the units digit of 273?
3
What is the thousands digit of 11201?
1
What is the hundreds digit of 135277?
2
What is the tens digit of 2391?
9
What is the tens digit of 60472?
7
What is the hundreds digit of 5642?
6
What is the thousands digit of 2985?
2
What is the hundreds digit of 6130?
1
What is the thousands digit of 110518?
0
What is the hundreds digit of 7981?
9
What is the tens digit of 9460?
6
What is the thousands digit of 8948?
8
What is the units digit of 988?
8
What is the tens digit of 6364?
6
What is the hundreds digit of 3562?
5
What is the thousands digit of 4870?
4
What is the hundreds digit of 1245?
2
What is the units digit of 2752?
2
What is the ten thousands digit of 146204?
4
What is the tens digit of 901?
0
What is the tens digit of 81972?
7
What is the thousands digit of 23931?
3
What is the tens digit of 1927?
2
What is the ten thousands digit of 11430?
1
What is the units digit of 19740?
0
What is the tens digit of 1370?
7
What is the tens digit of 2206?
0
What is the thousands digit of 15537?
5
What is the units digit of 56?
6
What is the units digit of 7241?
1
What is the hundreds digit of 2614?
6
What is the hundreds digit of 43701?
7
What is the tens digit of 29?
2
What is the thousands digit of 12233?
2
What is the units digit of 659?
9
What is the hundreds digit of 4751?
7
What is the ten thousands digit of 44189?
4
What is the thousands digit of 36871?
6
What is the hundreds digit of 542?
5
What is the tens digit of 95328?
2
What is the hundred thousands digit of 174045?
1
What is the units digit of 1042?
2
What is the thousands digit of 1168?
1
What is the ten thousands digit of 10000?
1
What is the units digit of 1756?
6
What is the units digit of 4366?
6
What is the tens digit of 6872?
7
What is the tens digit of 875?
7
What is the units digit of 16391?
1
What is the units digit of 2194?
4
What is the tens digit of 29553?
5
What is the hundreds digit of 1943?
9
What is the thousands digit of 1660?
1
What is the hundreds digit of 3614?
6
What is the hundreds digit of 11822?
8
What is the hundreds digit of 36866?
8
What is the tens digit of 1072?
7
What is the units digit of 451?
1
What is the tens digit of 8745?
4
What is the tens digit of 8288?
8
What is the thousands digit of 1616?
1
What is the tens digit of 93460?
6
What is the tens digit of 1234?
3
What is the tens digit of 527?
2
What is the hundreds digit of 8779?
7
What is the tens digit of 3332?
3
What is the thousands digit of 1566?
1
What is the tens digit of 3616?
1
What is the units digit of 2344?
4
What is the units digit of 116665?
5
What is the thousands digit of 67526?
7
What is the hundreds digit of 14627?
6
What is the tens digit of 141577?
7
What is the thousands digit of 51499?
1
What is the tens digit of 691?
9
What is the thousands digit of 8721?
8
What is the thousands digit of 11926?
1
What is the units digit of 81411?
1
What is the tens digit of 54533?
3
What is the units digit of 13750?
0
What is the units digit of 11733?
3
What is the hundreds digit of 1608?
6
What is the hundreds digit of 48966?
9
What is the ten thousands digit of 23845?
2
What is the tens digit of 1083?
8
What is the ten thousands digit of 18759?
1
What is the hundreds digit of 103406?
4
What is the thousands digit of 4083?
4
What is the hundreds digit of 3032?
0
What is the units digit of 2952?
2
What is the hundreds digit of 13205?
2
What is the hundreds digit of 2699?
6
What is the hundreds digit of 7735?
7
What is the units digit of 38679?
9
What is the tens digit of 1817?
1
What is the thousands digit of 3912?
3
What is the hundreds digit of 1150?
1
What is the ten thousands digit of 24351?
2
What is the thousands digit of 1972?
1
What is the tens digit of 702?
0
What is the units digit of 59293?
3
What is the units digit of 1485?
5
What is the tens digit of 5046?
4
What is the ten thousands digit of 18115?
1
What is the hundreds digit of 24626?
6
What is the tens digit of 4700?
0
What is the tens digit of 174?
7
What is the tens digit of 4580?
8
What is the units digit of 60755?
5
What is the thousands digit of 2111?
2
What is the tens digit of 4287?
8
What is the units digit of 13962?
2
What is the hundreds digit of 685?
6
What is the hundreds digit of 919?
9
What is the hundreds digit of 5928?
9
What is the hundreds digit of 5309?
3
What is the units digit of 16621?
1
What is the hundreds digit of 3404?
4
What is the tens digit of 673?
7
What is the units digit of 35222?
2
What is the units digit of 28553?
3
What is the tens digit of 395?
9
What is the hundreds digit of 21213?
2
What is the hundreds digit of 90619?
6
What is the tens digit of 84?
8
What is the units digit of 110396?
6
What is the units digit of 5526?
6
What is the units digit of 1239?
9
What is the tens digit of 12523?
2
What is the hundreds digit of 9370?
3
What is the ten thousands digit of 51800?
5
What is the units digit of 990?
0
What is the hundreds digit of 2206?
2
What is the tens digit of 18443?
4
What is the units digit of 3596?
6
What is the hundreds digit of 4801?
8
What is the tens digit of 1619?
1
What is the hundreds digit of 900?
9
What is the ten thousands digit of 12476?
1
What is the units digit of 5913?
3
What is the tens digit of 108615?
1
What is the hundreds digit of 5935?
9
What is the tens digit of 1239?
3
What is the hundreds digit of 6993?
9
What is the hundred thousands digit of 112350?
1
What is the thousands digit of 1751?
1
What is the units digit of 1404?
4
What is the thousands digit of 1522?
1
What is the thousands digit of 1556?
1
What is the hundreds digit of 5060?
0
What is the tens digit of 8983?
8
What is the units digit of 14634?
4
What is the thousands digit of 5271?
5
What is the ten thousands digit of 20488?
2
What is the ten thousands digit of 44398?
4
What is the ten thousands digit of 23307?
2
What is the units digit of 57931?
1
What is the hundreds digit of 13322?
3
What is the units digit of 5545?
5
What is the thousands digit of 56475?
6
What is the hundreds digit of 5834?
8
What is the tens digit of 1010?
1
What is the hundred thousands digit of 171951?
1
What is the hundreds digit of 656?
6
What is the units digit of 10764?
4
What is the units digit of 5257?
7
What is the tens digit of 7915?
1
What is the hundreds digit of 43572?
5
What is the hundreds digit of 4478?
4
What is the thousands digit of 8683?
8
What is the tens digit of 47262?
6
What is the tens digit of 682?
8
What is the hundreds digit of 451?
4
What is the ten thousands digit of 67379?
6
What is the thousands digit of 51573?
1
What is the hundreds digit of 6399?
3
What is the tens digit of 775?
7
What is the thousands digit of 44121?
4
What is the tens digit of 45333?
3
What is the units digit of 5697?
7
What is the hundreds digit of 35852?
8
What is the hundreds digit of 9124?
1
What is the tens digit of 3504?
0
What is the units digit of 1890?
0
What is the tens digit of 2654?
5
What is the thousands digit of 4369?
4
What is the thousands digit of 2235?
2
What is the units digit of 216?
6
What is the units digit of 5048?
8
What is the units digit of 520?
0
What is the tens digit of 914?
1
What is the ten thousands digit of 35465?
3
What is the tens digit of 2090?
9
What is the hundreds digit of 20077?
0
What is the ten thousands digit of 57188?
5
What is the tens digit of 1157?
5
What is the units digit of 32808?
8
What is the units digit of 2035?
5
What is the units digit of 332?
2
What is the tens digit of 33246?
4
What is the hundreds digit of 4153?
1
What is the tens digit of 3745?
4
What is the units digit of 67